{"id":56,"date":"2020-02-12T09:51:46","date_gmt":"2020-02-12T08:51:46","guid":{"rendered":"https:\/\/www.yulong.cz\/?page_id=56"},"modified":"2022-01-03T11:51:49","modified_gmt":"2022-01-03T10:51:49","slug":"uspechy","status":"publish","type":"page","link":"https:\/\/www.yulong.cz\/?page_id=56","title":{"rendered":"\u00dasp\u011bchy"},"content":{"rendered":"\n<figure class=\"wp-block-table\"><table><tbody><tr><td class=\"has-text-align-center\" data-align=\"center\"><a href=\"https:\/\/www.yulong.cz\/?page_id=53\"><img loading=\"lazy\" width=\"80\" height=\"80\" src=\"http:\/\/www.yulong.cz\/wp-content\/uploads\/2020\/02\/ik_styl.png\" alt=\"\" class=\"wp-image-154\"><\/a><\/td><td class=\"has-text-align-center\" data-align=\"center\"><a href=\"https:\/\/www.yulong.cz\/?page_id=70\"><img loading=\"lazy\" width=\"90\" height=\"90\" src=\"http:\/\/www.yulong.cz\/wp-content\/uploads\/2020\/02\/ik_etika.png\" alt=\"\" class=\"wp-image-153\"><\/a><\/td><td class=\"has-text-align-center\" data-align=\"center\"><a href=\"https:\/\/www.yulong.cz\/?page_id=56\"><img loading=\"lazy\" src=\"http:\/\/www.yulong.cz\/wp-content\/uploads\/2020\/02\/ik_uspech.png\" alt=\"\" class=\"wp-image-155\" width=\"80\" height=\"80\"><\/a><\/td><\/tr><tr><td class=\"has-text-align-center\" data-align=\"center\"> <a href=\"https:\/\/www.yulong.cz\/?page_id=53\" data-type=\"page\" data-id=\"53\">styly &gt;<\/a> <\/td><td class=\"has-text-align-center\" data-align=\"center\"><a href=\"https:\/\/www.yulong.cz\/?page_id=70\"> etika &gt; <\/a><\/td><td class=\"has-text-align-center\" data-align=\"center\"> <a href=\"https:\/\/www.yulong.cz\/?page_id=56\" data-type=\"page\" data-id=\"56\">\u00fasp\u011bchy ><\/a> <\/td><\/tr><\/tbody><\/table><\/figure>\n\n\n\n<p> <br> <\/p>\n\n\n\n<p>Na\u0161e \u0161kola se tak\u00e9 v\u011bnuje z\u00e1vodn\u00ed a exhibi\u010dn\u00ed \u010dinnosti. N\u00e1\u0161 exhibi\u010dn\u00ed t\u00fdm se pravideln\u011b objevuje nap\u0159\u00edklad na Budoshow, p\u0159ehl\u00eddce bojov\u00fdch um\u011bn\u00ed a sport\u016f v Brn\u011b. V roce 2012 jsme se tak\u00e9 \u00fa\u010dastnili Exhibice \u010d\u00ednsk\u00fdch bojov\u00fdch um\u011bn\u00ed. Studenti na\u0161\u00ed \u0161koly se pravideln\u011b umis\u0165uj\u00ed na medailov\u00fdch pozic\u00edch v kategori\u00edch tradi\u010dn\u00edho kung fu. Konkr\u00e9tn\u00ed sout\u011b\u017ee m\u016f\u017eete naj\u00edt v sekci \u201eAkce\u201c, kde v\u017edy zve\u0159ej\u0148ujeme aktu\u00e1ln\u00ed \u00fasp\u011bchy.<\/p>\n\n\n\n<h3>R\u00e1di bychom zde v\u0161ak prezentovali nejv\u011bt\u0161\u00ed \u00fasp\u011bchy na\u0161\u00ed \u0161koly:<\/h3>\n\n\n\n<div class=\"wp-block-image\"><figure class=\"alignleft size-full is-resized\"><img loading=\"lazy\" src=\"https:\/\/www.yulong.cz\/wp-content\/uploads\/2022\/01\/uspechy1.jpg\" alt=\"\" class=\"wp-image-885\" width=\"180\" height=\"144\"\/><\/figure><\/div>\n\n\n\n<h4>Mistrovstv\u00ed Sv\u011bta 2008<\/h4>\n\n\n\n<p>Sifu Ji\u0159\u00ed Hauska z\u00edskal nominaci a n\u00e1sledn\u011b po jednom z kov\u016f: zlato, st\u0159\u00edbro a bronz.<\/p>\n\n\n\n<p><\/p>\n\n\n\n<p><\/p>\n\n\n\n<p><\/p>\n\n\n\n<h4>Mistrovstv\u00ed Sv\u011bta 2010<\/h4>\n\n\n\n<div class=\"wp-block-image\"><figure class=\"alignleft size-full is-resized\"><img loading=\"lazy\" src=\"https:\/\/www.yulong.cz\/wp-content\/uploads\/2022\/01\/uspechy2_f.jpg\" alt=\"\" class=\"wp-image-888\" width=\"387\" height=\"289\" srcset=\"https:\/\/www.yulong.cz\/wp-content\/uploads\/2022\/01\/uspechy2_f.jpg 774w, https:\/\/www.yulong.cz\/wp-content\/uploads\/2022\/01\/uspechy2_f-300x224.jpg 300w, https:\/\/www.yulong.cz\/wp-content\/uploads\/2022\/01\/uspechy2_f-768x574.jpg 768w\" sizes=\"(max-width: 387px) 100vw, 387px\" \/><\/figure><\/div>\n\n\n\n<p>Sifu obh\u00e1jil svoje t\u0159i kovy, tak\u017ee se stal dvojn\u00e1sobn\u00fdm mistrem sv\u011bta. Jeho \u017eena, Kate\u0159ina Hauskov\u00e1, spolu se sv\u00fdm man\u017eelem vybojovala st\u0159\u00edbrnou medaili v kategorii sparingov\u00fdch forem. Student Miroslav Leci\u00e1n z\u00edskal zlato v dlouh\u00e9 zbrani a bronz v p\u011bsti.<\/p>\n\n\n\n<h4>Mistrovstv\u00ed Sv\u011bta 2012<\/h4>\n\n\n\n<p>Sifu Ji\u0159\u00ed Hauska z\u00edskal post teamleadera. Za \u010ceskou republiku se vyhl\u00e1sily 4 sout\u011b\u017en\u00ed nominace. Dv\u011b z nich pat\u0159\u00ed jeho student\u016fm: Filipovi Tr\u00e1vn\u00ed\u010dkovi a Veronice Partikov\u00e9. Mimo to na\u0161i \u0161kolu prezentovalo dal\u0161\u00edch 5 z\u00e1vodn\u00edk\u016f.<br>Nakonec jsme z\u00edskali 8 medail\u00ed (7 bronz\u016f ,1 st\u0159\u00edbro).<\/p>\n\n\n\n<ul><li>Sifu Ji\u0159\u00ed Hauska: bronz za p\u011bstn\u00ed formu a sparingovou formu<\/li><li>Miroslav Leci\u00e1n: st\u0159\u00edbro za p\u011bstn\u00ed formu<\/li><li>Kate\u0159ina Hauskov\u00e1: bronz za p\u011bstn\u00ed formu a sparingovou formu<\/li><li>Filip Tr\u00e1vn\u00ed\u010dek: bronz za p\u011bstn\u00ed formu<\/li><li>Veronika Partikov\u00e1: bronz za halapartnu<\/li><li>Eduard Tich\u00fd: bronz za h\u016fl<\/li><\/ul>\n\n\n\n<h4>Mezin\u00e1rodn\u00ed Hongkongsk\u00fd \u0160ampion\u00e1t<\/h4>\n\n\n\n<p><\/p>\n\n\n\n<figure class=\"wp-block-gallery columns-2 is-cropped\"><ul class=\"blocks-gallery-grid\"><li class=\"blocks-gallery-item\"><figure><img loading=\"lazy\" width=\"800\" height=\"600\" src=\"https:\/\/www.yulong.cz\/wp-content\/uploads\/2022\/01\/uspechy3_f-1.jpg\" alt=\"\" data-id=\"899\" data-full-url=\"https:\/\/www.yulong.cz\/wp-content\/uploads\/2022\/01\/uspechy3_f-1.jpg\" data-link=\"https:\/\/www.yulong.cz\/?attachment_id=899\" class=\"wp-image-899\" srcset=\"https:\/\/www.yulong.cz\/wp-content\/uploads\/2022\/01\/uspechy3_f-1.jpg 800w, https:\/\/www.yulong.cz\/wp-content\/uploads\/2022\/01\/uspechy3_f-1-300x225.jpg 300w, https:\/\/www.yulong.cz\/wp-content\/uploads\/2022\/01\/uspechy3_f-1-768x576.jpg 768w\" sizes=\"(max-width: 800px) 100vw, 800px\" \/><\/figure><\/li><li class=\"blocks-gallery-item\"><figure><img loading=\"lazy\" width=\"800\" height=\"600\" src=\"https:\/\/www.yulong.cz\/wp-content\/uploads\/2022\/01\/uspechy4_f-1.jpg\" alt=\"\" data-id=\"900\" data-full-url=\"https:\/\/www.yulong.cz\/wp-content\/uploads\/2022\/01\/uspechy4_f-1.jpg\" data-link=\"https:\/\/www.yulong.cz\/?attachment_id=900\" class=\"wp-image-900\" srcset=\"https:\/\/www.yulong.cz\/wp-content\/uploads\/2022\/01\/uspechy4_f-1.jpg 800w, https:\/\/www.yulong.cz\/wp-content\/uploads\/2022\/01\/uspechy4_f-1-300x225.jpg 300w, https:\/\/www.yulong.cz\/wp-content\/uploads\/2022\/01\/uspechy4_f-1-768x576.jpg 768w\" sizes=\"(max-width: 800px) 100vw, 800px\" \/><\/figure><\/li><\/ul><\/figure>\n\n\n\n<p>Zde v jeden\u00e1cti\u010dlenn\u00e9m t\u00fdmu jsme vybojovali tyto cenn\u00e9 kovy:<\/p>\n\n\n\n<div class=\"wp-block-columns\">\n<div class=\"wp-block-column\" style=\"flex-basis:100%\">\n<div class=\"wp-block-group\"><div class=\"wp-block-group__inner-container\">\n<div class=\"wp-block-columns\">\n<div class=\"wp-block-column\" style=\"flex-basis:100%\">\n<figure class=\"wp-block-table is-style-stripes\"><table><tbody><tr><td><\/td><td><\/td><th>Ji\u0159\u00ed Hauska<\/th><td>8 zlat\u00fdch medail\u00ed<br>Druh\u00e9 m\u00edsto v Best of the Best<\/td><\/tr><tr><td><\/td><td><\/td><th>Filip Tr\u00e1vn\u00ed\u010dek<\/th><td>4 zlat\u00e9 medaile<br>P\u00e1t\u00e9 m\u00edsto v Best of the Best<\/td><\/tr><tr><td><\/td><td><\/td><th>Miroslav Leci\u00e1n<\/th><td>4 zlat\u00e9 medaile<br>Osm\u00e9 m\u00edsto v Best of the Best<\/td><\/tr><tr><td><\/td><td><\/td><th>Kate\u0159ina Hauskov\u00e1<\/th><td>2 zlat\u00e9 medaile<br>Sedm\u00e9 m\u00edsto v Best of the Best<\/td><\/tr><tr><td><\/td><td><\/td><th>Eduard Tich\u00fd<\/th><td>1 zlat\u00e1 a 1 st\u0159\u00edbrn\u00e1 medaile<br>Osm\u00e9 m\u00edsto v Best of the Best<\/td><\/tr><tr><td><\/td><td><\/td><th>Ji\u0159\u00ed Kom\u00ednek<\/th><td>2 zlat\u00e9 medaile<\/td><\/tr><tr><td><\/td><td><\/td><th>Luk\u00e1\u0161 Palu\u0161<\/th><td>2 zlat\u00e9 medaile<\/td><\/tr><tr><td><\/td><td><\/td><th>Petra Vejra\u017ekov\u00e1<\/th><td>2 zlat\u00e9 medaile<\/td><\/tr><tr><td><\/td><td><\/td><th>Veronika Partikov\u00e1<\/th><td>2 zlat\u00e9 medaile<\/td><\/tr><tr><td><\/td><td><\/td><th>Jaroslav N\u011bme\u010dek<\/th><td>2 zlat\u00e9 medaile<\/td><\/tr><\/tbody><\/table><\/figure>\n<\/div>\n<\/div>\n<\/div><\/div>\n<\/div>\n<\/div>\n\n\n\n<h4>Mistrovstv\u00ed republiky a Czech Open<\/h4>\n\n\n\n<p>Pravideln\u011b se um\u00eds\u0165ujeme na medailov\u00fdch m\u00edstech. Na Czech Open 2012 jsme z\u00edskali 4 zlat\u00e9, 4 st\u0159\u00edbrn\u00e9 a 3 bronzov\u00e9 medaile, na M\u010cR dv\u011b zlata (ze dvou start\u016f) a titul M\u010cR. Z\u00e1vod\u016f se \u00fa\u010dastn\u00ed i nezku\u0161en\u00ed z\u00e1vodn\u00edci, d\u011bti i dosp\u011bl\u00ed.<\/p>\n\n\n\n<figure class=\"wp-block-image size-full is-resized\"><img loading=\"lazy\" src=\"https:\/\/www.yulong.cz\/wp-content\/uploads\/2022\/01\/uspechy5_f.jpg\" alt=\"\" class=\"wp-image-896\" width=\"431\" height=\"323\" srcset=\"https:\/\/www.yulong.cz\/wp-content\/uploads\/2022\/01\/uspechy5_f.jpg 800w, https:\/\/www.yulong.cz\/wp-content\/uploads\/2022\/01\/uspechy5_f-300x225.jpg 300w, https:\/\/www.yulong.cz\/wp-content\/uploads\/2022\/01\/uspechy5_f-768x576.jpg 768w\" sizes=\"(max-width: 431px) 100vw, 431px\" \/><\/figure>\n","protected":false},"excerpt":{"rendered":"<p>Na\u0161e \u0161kola se tak\u00e9 v\u011bnuje z\u00e1vodn\u00ed a exhibi\u010dn\u00ed \u010dinnosti. N\u00e1\u0161 exhibi\u010dn\u00ed t\u00fdm se pravideln\u011b objevuje nap\u0159\u00edklad na Budoshow, p\u0159ehl\u00eddce bojov\u00fdch um\u011bn\u00ed a sport\u016f v Brn\u011b. V roce 2012 jsme se tak\u00e9 \u00fa\u010dastnili Exhibice \u010d\u00ednsk\u00fdch bojov\u00fdch um\u011bn\u00ed. Studenti na\u0161\u00ed \u0161koly se pravideln\u011b umis\u0165uj\u00ed na medailov\u00fdch pozic\u00edch v kategori\u00edch tradi\u010dn\u00edho kung fu. [&hellip;]<\/p>\n","protected":false},"author":1,"featured_media":906,"parent":48,"menu_order":0,"comment_status":"closed","ping_status":"closed","template":"","meta":[],"_links":{"self":[{"href":"https:\/\/www.yulong.cz\/index.php?rest_route=\/wp\/v2\/pages\/56"}],"collection":[{"href":"https:\/\/www.yulong.cz\/index.php?rest_route=\/wp\/v2\/pages"}],"about":[{"href":"https:\/\/www.yulong.cz\/index.php?rest_route=\/wp\/v2\/types\/page"}],"author":[{"embeddable":true,"href":"https:\/\/www.yulong.cz\/index.php?rest_route=\/wp\/v2\/users\/1"}],"replies":[{"embeddable":true,"href":"https:\/\/www.yulong.cz\/index.php?rest_route=%2Fwp%2Fv2%2Fcomments&post=56"}],"version-history":[{"count":6,"href":"https:\/\/www.yulong.cz\/index.php?rest_route=\/wp\/v2\/pages\/56\/revisions"}],"predecessor-version":[{"id":901,"href":"https:\/\/www.yulong.cz\/index.php?rest_route=\/wp\/v2\/pages\/56\/revisions\/901"}],"up":[{"embeddable":true,"href":"https:\/\/www.yulong.cz\/index.php?rest_route=\/wp\/v2\/pages\/48"}],"wp:featuredmedia":[{"embeddable":true,"href":"https:\/\/www.yulong.cz\/index.php?rest_route=\/wp\/v2\/media\/906"}],"wp:attachment":[{"href":"https:\/\/www.yulong.cz\/index.php?rest_route=%2Fwp%2Fv2%2Fmedia&parent=56"}],"curies":[{"name":"wp","href":"https:\/\/api.w.org\/{rel}","templated":true}]}}